ite number?
False
Let n be 0 + (2 - 2 - -2). Suppose 4*d - 3*u - 8 = 0, n*d + 3*u = 2*u + 4. Is d*((-524)/(-8) - 0) prime?
True
Let n = -49 - -52. Suppose 0 = -4*t + n*z + 3616, -2*t + 0*z = z - 1818. Is t a prime number?
True
Let g be (-28)/(-16) - 3/(-12). Suppose 3*l - 5*d - 95 = 1861, 0 = g*d. Suppose l = -0*s + 4*s. Is s composite?
False
Is (2/3)/(3/(88443/2)) composite?
True
Let r(q) be the second derivative of 4*q + 0*q**3 + 0 + 2*q**2 + 3/4*q**4. Is r(3) composite?
True
Let f = 72 - 67. Is 3/f + (-73040)/(-100) a composite number?
True
Let j be (15 - 1)*6/7. Let r be 131/3 + (-8)/j. Suppose o - 75 = -c, -2*c + 95 = 5*o - r. Is c prime?
True
Suppose 0 = 5*j - 3*p - 890, 5*p = -j + 6*j - 880. Is j a composite number?
False
Let f be 672/30 - (-9)/15. Let b = 8 + f. Is b a composite number?
False
Let k be 284/18 + (-12)/(-54). Let b = k + -13. Suppose -328 + 67 = -b*z. Is z prime?
False
Let n(f) = -94*f. Let w be -1*(-3 + (4 - 2)). Let i be n(w). Let k = i - -252. Is k a composite number?
True
Let s(g) = 9*g**2 - 96*g - 22. Is s(19) a prime number?
False
Let b(t) = t**3 + 4*t**2 + 5*t + 8. Let i be b(6). Let m = -182 + 357. Let u = i - m. Is u a prime number?
True
Let g(m) = -3116*m + 1327. Is g(-29) composite?
False
Let x(c) = 138*c. Let j be x(-4). Let m = -361 - j. Is m prime?
True
Suppose 356957 = 25*f - 5718. Is f composite?
True
Let f = 568 - -1419. Is f a prime number?
True
Let v(o) = -23*o - 6. Let d be v(-7). Let h = d + -88. Is h a composite number?
False
Suppose -6*c - 602 - 1672 = 0. Is c/5*20/(-4) composite?
False
Let w be (-36)/(-10) - 21/35. Suppose l + 5*v - 12 = 2*l, w*l + v - 12 = 0. Suppose -b = -l*b + 478. Is b prime?
True
Let y(w) = -w**3 + 14*w**2 + 2*w - 13. Suppose 2*q + 0 - 48 = 0. Let b = -14 + q. Is y(b) composite?
True
Let q = -173 - -565. Let z = -201 + q. Is z prime?
True
Let h(l) = 155*l - 1. Let r be h(1). Suppose 0*y - 7*y + 35 = 0. Suppose -4*m + 2*p + 3*p + 207 = 0, -3*m = -y*p - r. Is m a composite number?
False
Let d be 426/(-36) - 3/18. Let a(x) = -11*x + 1. Is a(d) a composite number?
True
Let v(y) = y**2 - 9*y + 10. Suppose 0 = x - 5*x + 32. Let c be v(x). Suppose -56 = -c*k - 2*k. Is k composite?
True
Let t = -20521 - -32979. Is t prime?
False
Let a(x) = 5*x + 87. Let d(g) = 6*g + 88. Let k(r) = -5*a(r) + 4*d(r). Let z be k(0). Let l = 62 - z. Is l a prime number?
False
Suppose 0 = 5*k - 19 - 1. Suppose k*s = -0*s + 4748. Is s composite?
False
Suppose -8886357 + 2043640 = -133*k. Is k composite?
False
Suppose 0 = -5*j + 15, -1963 = -5*o - 2*j - 227. Let k = o - 135. Is k a composite number?
False
Let a(c) = -c**2 - 8*c + 3. Let q be a(-7). Suppose -q = -0*h - 2*h. Suppose -h*d + 3*y + 375 = -775, -y = -3*d + 694. Is d a prime number?
True
Let t = 6786 + 3743. Is t prime?
True
Suppose -b = 75 + 266. Suppose 4*q - 2128 = 4*u, -2*u - 532 = -u + 2*q. Let m = b - u. Is m a composite number?
False
Let v be 1*12*(-2)/(-4). Suppose -r + v*r = 1805. Is r a composite number?
True
Suppose -5*l - 5*s = -6830, -6*l + 4095 = -3*l + 2*s. Suppose 5*t - 6800 = -5*p, -3*t = -p - t + l. Is p a composite number?
False
Let f be ((0/(1 - 0))/3)/1. Suppose f = 6*x + 2*x - 4584. Is x a composite number?
True
Let f = 39004 - 22359. Is f a prime number?
False
Suppose -6 = 5*i + 9. Let b be 1*279/i*-1. Suppose b = 2*g - 9. Is g a composite number?
True
Suppose z - f + 3 - 13 = 0, 0 = -z - 4*f. Let p be (106/z)/((-10)/(-40)). Suppose -2*u = -u - p. Is u prime?
True
Suppose -3*i - 18 + 6 = 0, -5*f - 3*i = -33033. Is f a composite number?
True
Suppose -12*u - 96 = -16*u. Is (-2742)/(-8)*32/u a composite number?
False
Let h be -463 - 12/(-3) - 5. Suppose 2*x = -2*x - 180. Let g = x - h. Is g a prime number?
True
Let a be (2 - (-1)/(-1))*0. Suppose a*g + 5045 = 5*g. Is g a composite number?
False
Suppose 0 = -2*y - 3*r - 15, -2*y + 5*r = -7*y - 25. Suppose s = y, -2*n + n + s = -259. Is n a prime number?
False
Let g be (-86)/(-18) - 22/(-99). Suppose 6*q = -g*d + 2*q + 306, -3*d + 3*q = -162. Is d a composite number?
True
Let j(f) = f**3 - 7*f**2 + 9*f - 9. Let k be j(6). Let z be ((-21)/k - -3)*-3. Is -1401*z/(-12)*-2 a prime number?
True
Suppose 0*d = -3*d - 9. Let u be (8 - 5)/(d/(-5)). Suppose -580 = -5*k - 3*l, 7*k - 2*k + u*l = 590. Is k a prime number?
True
Let n = 4 - 4. Suppose 2*l + 0*l = 5*p - 63, -2*l + p - 83 = n. Let i = l - -81. Is i a prime number?
True
Suppose 5*b = 162 + 13. Suppose 0*l + 5*l - b = 0. Suppose q - l - 28 = 0. Is q a prime number?
False
Let x(q) = 3*q**3 - 16*q**2 + 16*q + 21. Let d(w) = -w**3 + w**2 + w. Let p(n) = 4*d(n) + x(n). Is p(-14) a composite number?
True
Let r be 3/6*3*2. Let h = -27 + 27. Is h - (-272 + 0 + r) a prime number?
True
Let r(m) = -26*m**2 - 13*m - 21. Let s(q) = -13*q**2 - 7*q - 11. Let l(d) = -6*r(d) + 11*s(d). Suppose -a - 3*c + 10 = -7, -5*a + 37 = 3*c. Is l(a) prime?
False
Let a(o) = -o**2 - 5*o - 1. Let u be a(-2). Suppose u*x + 5*s - s - 27 = 0, -2*s = x - 9. Suppose x*k - 635 = -2*k. Is k prime?
True
Let j(h) = -99*h - 6. Suppose 3*n + 47 = 8. Let k be j(n). Is k/28 - (-2)/8 composite?
True
Let u = -42 - -1963. Is u prime?
False
Suppose 3*c - 4*l = -23, l = c + 3*l - 9. Let j be 0/((c + -3)/(-4)). Suppose 0 = 2*d - 5*a - 551, j = -0*d + 3*d + 4*a - 769. Is d a composite number?
False
Is (-17416)/(-16) + (-3)/2 composite?
False
Let v be 3/(-3)*57*-11. Let w = -240 + v. Suppose 6*a - 111 = w. Is a a prime number?
True
Let h be (-153 - 5)/((-4)/14). Suppose 5*v = -3*y + 354, -3*y = -8*y + 4*v + h. Is y prime?
True
Suppose v + 8*v = 4059. Is v composite?
True
Let m(w) = -1508*w + 213. Is m(-5) a composite number?
False
Is (4 + -3)*(1836 + (-2)/(-2)) a prime number?
False
Let h(i) = 1755*i + 2. Let l(m) = m**3 + 7*m**2 - 2*m - 13. Let w be l(-7). Is h(w) prime?
False
Suppose -r = -2*h + 3*r + 144, h = r + 73. Suppose 2*v + h = 4*d + v, 5*d - 101 = -3*v. Is d composite?
False
Suppose 665670 = 194*v - 184*v. Is v a prime number?
False
Suppose y + 5*t - 129 = 0, 5*y - t = -4*t + 557. Is y composite?
False
Let j(p) = p**3 - 6*p**2 - p + 8. Let k be j(6). Let x be (483/(-6) + k)*-12. Suppose -4*h - 2*a = -x, 0 = -a - 5 + 6. Is h composite?
True
Suppose 3*p = -3*c + 9, -3*p + 2*c + 2 = -12. Suppose -p = -3*z + 5*w - 23, -4*w + 20 = 0. Suppose 3*s = z*s + 573. Is s a prime number?
False
Suppose -58976 = -6*g + 3238. Is g a prime number?
True
Let s = 625 + 4470. Is s prime?
False
Let b be (-7059)/9 - (14/(-6) - -2). Let m = b + 1871. Is m a composite number?
False
Is ((-268553)/93)/((-2)/6) a composite number?
False
Let v(k) = 24*k - 3. Let o be v(-7). Suppose f - h = 1288, -6*h = 4*f - h - 5152. Let r = f - o. Is r a composite number?
False
Suppose -19700 = 4*w - k - 168225, 3*w + 2*k - 111391 = 0. Is w a composite number?
True
Is 2122/(-14)*(89 + -103) a composite number?
True
Is 12/16*-4 + 14*2851 prime?
False
Suppose 3*p - 11*h = -14*h + 63789, 3*h - 42524 = -2*p. Is p a prime number?
False
Let y(h) be the third derivative of h**8/1344 - h**7/1260 - h**6/120 - 3*h**4/8 + 7*h**2. Let n(q) be the second derivative of y(q). Is n(5) prime?
False
Let f(h) = 3 - h**2 + 5*h + h - 14 + 2*h**2. Let i be f(-7). Is 410 + (-4)/i*3 composite?
True
Suppose 2*y + 2 = 8. Suppose -5*p + y*r = -6310, p - 2*r - 1279 = 2*r. Is p prime?
True
Suppose -4*j + 4*o = -26148, -5*j + 27516 = -2*o - 5157. Is j a prime number?
False
Suppose 27*s - 6312 = 2301. Is s a prime number?
False
Is (3 - -1)*1482540/240 a composite number?
False
Let n = 470 + -1656. Let c be (-2 + 5)/((-4)/1052). Let w = c - n. Is w a prime number?
True
Let g(y) = y**2 + 1 - 2*y - y + y. Let k be g(3). Suppose -k*o = -5*o + 127. Is o prime?
True
Let u = -24 - -27. Suppose u*a + 1 = 241. Let m = a - -69. Is m a composite number?
False
Suppose -3*c + 4*q = -11, 2*c = -3*q + 16 - 3. Let l = -53 + 53. Suppose l = -4*x + 5*k + 352, c*x - 480 = 3*k - 53. Is x a composite number?
False
Let f(u) = -2*u + 4. Let k be f(3). Let v = -4 + k. Is 90/(-12)*28/v a composite number?
True
Let n = 25 + -21. Suppose 4*q + n*r - 3032 = 0, 5*r - 1507 = -q - q. Is q a prime number?
True
Let l = -1 - -6. Let i(h) = 13*h**2 + 12*h**2 + l - 7*h**2. Is i(4) a composite number?
False
Let k(o) = -o**3 + 7*o**2 + 6*o + 1. Let u be k(6). Let h = -247 - -252.